hat is the thousands digit of -3 - (16 - 1)*-421?
6
Let a = 3712 - -20. What is the hundreds digit of a?
7
Let s(v) = -75*v**3 - v**2 - 2*v. Let g be s(-1). Suppose 329 = p + g. What is the hundreds digit of p?
2
Let d(g) = 3*g - 3. Let h be d(6). Suppose -5*l - 356 = 4*s - 358, -l + 8*s - 26 = 0. What is the tens digit of (l - (-20)/h)*-342?
2
What is the units digit of (-6411*11/33)/(-2 + 54/30)?
5
Suppose -46*q - 875233 + 1627552 = -1104747. What is the units digit of q?
1
Let x(g) be the second derivative of -5/2*g**2 - 16/3*g**3 - 45*g + 0. What is the units digit of x(-6)?
7
Let u(x) be the third derivative of x**6/120 - x**4/8 + 13*x**3/6 + 56*x**2. What is the hundreds digit of u(7)?
3
Let w(j) = -j**3 - 2*j**2 - j + 1. Let q be w(-2). Suppose 2*m = 3*a + 15712, 2*a = -q*m - 2*m + 39242. What is the tens digit of (m/15)/5 - 4/6?
0
Suppose 120*n + 727523 = 1875563. What is the thousands digit of n?
9
Let s = -60922 - -98101. What is the thousands digit of s?
7
Let b(z) = -475*z - 3. Let f be b(5). Let k = -1530 - f. What is the units digit of k?
8
Let v(b) = b**2 + 22*b + 6. Let r be v(-24). Suppose s = u - r, -2*u = -4*s + 36 - 146. What is the units digit of u?
3
Suppose 5*d - 3*l = l + 33143, -d + 6637 = -5*l. What is the hundreds digit of d?
6
Suppose -11*h - 1 = -12. Let w(i) = 1429*i**3 - 4*i**2 + i + 2. What is the units digit of w(h)?
8
Suppose -4*l = 903 - 5431. Suppose 4*s = 2*m + l, -s - 3*s = m - 1120. What is the hundreds digit of s?
2
Suppose -1797*g + 1781*g + 253065 = 24793. What is the thousands digit of g?
4
Suppose -2*a = -3*g - 20, -3*a + 4*g = -0*a - 30. Suppose -a*w + 2522 = -168. What is the units digit of w?
9
Suppose 1419 = 2*k - 2181. Suppose -2*p + 8 = 0, -6*f = -f + 5*p - k. What is the units digit of 2 - ((f/1)/2)/(-2)?
1
Suppose -4*l = 5*n - 422234, 3*n - 88699 = 5*l + 164708. What is the tens digit of n?
5
Suppose 0 = 8*n - 201 - 1879. Let c = n - 44. Suppose 3*x = 3 + c. What is the units digit of x?
3
Let h be (7 - (6 + -3))*25/20. Suppose -4 = 2*j + 5*w - h, -4*w = -5*j + 19. Suppose 27 = -j*y + 4*y. What is the tens digit of y?
2
Suppose 3*l = 6*l - 60. Suppose i - 10 = 3*c + 6, i = 4*c + l. What is the units digit of -2 + i - (0 + 1 + -37)?
8
Suppose -519*y + 522*y + 200261 = 5*w, 3*y + 160210 = 4*w. What is the units digit of w?
1
Let h = -72546 - -114582. What is the tens digit of h?
3
Let g be (-4)/(1 + -5) + 2188. Suppose -3*m = -4*b - g, 4*m - 2623 - 283 = -b. What is the hundreds digit of m?
7
Let t be 6/8 - (-84)/(-48). Let v be (t + 0)*(10 + -10) + -71. What is the tens digit of v/(-2) - 3/(-6)?
3
Suppose 8*h = 12 + 4. Let p(b) = b**3 + b - 20 + 31 + 20 + 2*b**h. What is the units digit of p(0)?
1
Suppose 3*s - 46 = 4*q, 5*s - q = 28 + 26. Suppose 4*o + 2 = -g + 4, -3*o - 5*g + s = 0. Suppose o*b - 548 = -4*b. What is the hundreds digit of b?
1
Suppose 13*t - 11*t - 372 = 0. Suppose 8*n - 94 = t. Suppose -n + 28 = -u. What is the units digit of u?
7
Let i(j) = 17 + 10*j**2 - 4 + 19 + 1 + 13*j. Let v be i(-8). Let x = v - 397. What is the units digit of x?
2
Let n = 404 - 409. Let a(v) = v**3 + 4*v**2 - 3*v + 37. What is the tens digit of a(n)?
2
Suppose 1243*a = -z + 1245*a + 45635, 3*z + 3*a - 136950 = 0. What is the hundreds digit of z?
6
Suppose -791*s = -794*s + 9, -4*h - 5*s + 243023 = 0. What is the ten thousands digit of h?
6
Let o be (-138)/4*(5 + -7). Suppose -o*v + 41192 = -31*v. What is the tens digit of v?
8
Suppose 0 = 3*o - 6, 2*m + 0*o = 3*o + 54. Suppose t - g - 13 = 0, -3*g - 7 = -4*t - 8*g. Let j = m + t. What is the tens digit of j?
3
Let p(w) = 19*w**2 + 30*w + 188. What is the hundreds digit of p(-14)?
4
Suppose 9*d + 32796 = 2*w + 6*d, -5*d = -w + 16384. What is the hundreds digit of w?
4
Let l(o) = -o - 12. Let q be l(-18). Let h be 3/(q*(-4)/(-24)). Suppose 0 = -3*t - 4*n + 278, t - 139 + 38 = -h*n. What is the units digit of t?
6
Let v(l) = 3950*l + 654. What is the hundreds digit of v(8)?
2
Suppose -10*j = 15*j - 75. Suppose -1347 = -j*v + 5*d - 2*d, d - 453 = -v. What is the units digit of v?
1
Suppose 0 = 3*q - 2*a, -8*a = -5*q - 4*a. Suppose q = 18*l - 3974 + 212. What is the tens digit of l?
0
Let d(i) = 2*i + 26. Let r be d(5). Suppose 4*c + 46 = 3*j + 5*c, 3*c = -3*j + r. Suppose -5*n - 696 = -j*n. What is the units digit of n?
8
Let p(a) = -1. Let t(g) = -3*g**2 - 9*g + 1. Let s(u) = -18*p(u) + 2*t(u). Let i(n) be the first derivative of s(n). What is the hundreds digit of i(-10)?
1
Suppose 0 = -2*i - w + 8, 0*i + 3*w = 5*i - 31. Suppose i*q + a - 8 = 12, 2*q - a - 15 = 0. Suppose 3*p + 226 = q*p. What is the units digit of p?
3
Let x = 13 + -364. What is the hundreds digit of (-2 + 2 + -1)*x?
3
What is the hundreds digit of 74980/3*5*(7 - 2197/325)?
9
Suppose s = -v + 11, -5*v = -s - 6 - 37. Suppose 413 + 1450 = v*z. What is the hundreds digit of z?
2
Suppose -8*p + 6 + 34 = 0. Suppose p*y = -0*y + 15. Suppose 0*c = -3*c - 9, -315 = -y*b - 3*c. What is the units digit of b?
8
Let b(m) = 10*m**3 + 4*m - 1. Let c(f) = -f**2 + 5*f + 12. Let y be c(7). Let v be b(y). Let d = 127 - v. What is the hundreds digit of d?
2
Let c(q) = -20*q + 100. Let b be c(-8). Suppose 71 = 3*p + 5*s - 147, -4*p + s + b = 0. What is the tens digit of p?
6
Let u = 7024 - 1067. What is the thousands digit of u?
5
Suppose 1350*k - 1318*k = 999040. What is the thousands digit of k?
1
Let s(g) = -140*g + 58. Let h be s(-5). Let x = h + -161. What is the tens digit of x?
9
Suppose 2*c + 41957 = 3*o, 15*o - c - 41959 = 12*o. What is the thousands digit of o?
3
What is the units digit of ((-42915)/120)/(2/(-80))?
5
Suppose 0 = -s + m + 34059, 0 = -2*s - 26*m + 30*m + 68102. What is the units digit of s?
7
Suppose -3777 = -d - 6*u + 4*u, -12 = 4*u. What is the units digit of d?
3
Let x = 15 + -7. Suppose -x*n = -2996 + 84. What is the tens digit of n/(-6)*((-9)/(-6))/(-1)?
9
Suppose 1057*h = 1071*h - 287546. What is the units digit of h?
9
Suppose 5*i = -2*g + 55671, 51*i = 3*g + 46*i - 83544. What is the tens digit of g?
4
Let s(c) = -c**3 + 4*c**2 - 3*c + 1. Let r be s(3). Suppose -18*f + 13*f - 5*x + 30 = 0, 2*x = -3*f + 14. What is the units digit of r*f*260/40?
3
Suppose -4*d = 7*d + 843 - 3505. What is the hundreds digit of d?
2
Let s(a) = -a**3 - 39*a**2 - 38*a + 197. What is the hundreds digit of s(-42)?
0
Let k = -57 + 72. Suppose 20*x = k*x + 1465. Let c = -83 + x. What is the hundreds digit of c?
2
Let z be (-852)/(-10) - 6 - (-3)/(-15). Suppose 5*k = -4*x + z, k + 4*x + 1 = -x. What is the units digit of k?
9
Suppose -3*v - t - 3 = -24, 0 = 5*v + 4*t - 42. Suppose -v*w + 3 = -27. Suppose w*i = 3*c - 146, -i + 0 = 4. What is the tens digit of c?
4
Let b(r) = 285*r**3 + 2*r**2 - 2. Suppose -i + 0 = -1. What is the tens digit of b(i)?
8
Suppose -5*n + 2*l - 330 = -2*l, 0 = -4*l. Let p = 206 - n. Let a = p - 122. What is the tens digit of a?
5
Let n(b) be the third derivative of -35/6*b**3 + 1/4*b**4 + 0*b + 1/120*b**6 + 0 - 7/60*b**5 + 40*b**2. What is the hundreds digit of n(9)?
1
Let r = 2 - -10. Suppose 0 = 21*w - r*w - 2322. What is the units digit of w?
8
Let r = 2421 + 19348. What is the hundreds digit of r?
7
Let p = 9816 + -3781. What is the tens digit of p?
3
Let k be 15/2*(-15 + 17). Suppose 19*g = k*g. Suppose m + 0*m - 20 = g. What is the tens digit of m?
2
Let u(o) = 655*o**2 + 7*o + 8. Suppose 1 = 5*f + 2*x, -5*f = -x + 1 + 7. What is the units digit of u(f)?
6
Suppose 5*f + 3*r - 118 = 0, 5*f + 3*r - 2*r = 116. Suppose -2*b - 11 = 5*z, 2*b - f = -2*b + 5*z. Suppose b*q - 52 = 168. What is the units digit of q?
0
Let p be 42/54 - 2/(-9). Suppose -h - p = -5. Suppose 0 = h*z - 3*l - 959, -4*l = 2*z - 171 - 325. What is the tens digit of z?
4
Let v = 465 + -274. Let f = 114 + v. What is the tens digit of f?
0
Let r = 127 + -127. Suppose 30*x - 10*x - 7900 = r. What is the hundreds digit of x?
3
Let n(c) = -3*c - 16. Let m be n(2). Let t be (-62)/m + (-38)/(-209). Suppose -j - t = -39. What is the units digit of j?
6
Suppose 5*y + 3*a = 68700, -y - 6*a = -0*a - 13713. Suppose -28*b + 10225 = -y. What is the units digit of b?
6
Let l = 8177 - 15217. Let z be 9/2*l/30. What is the hundreds digit of ((-6)/(-12))/((-4)/z)?
1
Let c(k) = 3*k**2 - 3*k**2 + 6 - 9*k - k**2. Let